{"id":921,"date":"2022-02-12T18:59:43","date_gmt":"2022-02-12T17:59:43","guid":{"rendered":"https:\/\/sveilisdesign.com\/?post_type=product&#038;p=921"},"modified":"2024-12-02T22:06:49","modified_gmt":"2024-12-02T21:06:49","slug":"beanie-and-or-buff-white-w-anchors","status":"publish","type":"product","link":"https:\/\/sveilisdesign.com\/?product=beanie-and-or-buff-white-w-anchors","title":{"rendered":"Beanie and\/or buff: White w anchors"},"content":{"rendered":"<p>Beanie \/ M\u00f6ssa, one size,<br \/>\nBuff \/ Tubhalsduk, one size,<br \/>\nMaterial: 95% CO,\u00a05% EL,<br \/>\nWashing machine 40\u00b0,<br \/>\n\u00d6KO-TEX certified material,<br \/>\nEco-cotton in lining of beanie.<br \/>\nMaterial made in Europe.<br \/>\nBeanie and buff made by Sveilis Design, Sweden.<\/p>\n","protected":false},"excerpt":{"rendered":"<p>Beanies och buffar f\u00f6r maritima livsnjutare. K\u00f6p var f\u00f6r sig eller ett set med b\u00e5de m\u00f6ssa och tubhalsduk. Beanien\/m\u00f6ssan \u00e4r fodrad och buffen \u00e4r av enkla tyg. B\u00e5de beanien och buffen \u00e4r sydda i sk\u00f6nt mjuk singel-jersey och stora nog f\u00f6r att sitta ledigt (inte f\u00f6r tight) och sk\u00f6nt p\u00e5 en vuxen person.<\/p>\n<p>Beanies and buffs for boaters and coastal lovers. Buy separately or a set with both a beanie and a buff. The beanie is lined but not the buff. Both the beanie and the buff are sewn in nice soft single jersey and big enough for a casual fit (not too tight) on an adult.<\/p>\n","protected":false},"featured_media":906,"template":"","meta":{"_crdt_document":"","advanced_seo_description":"","jetpack_seo_html_title":"","jetpack_seo_noindex":false,"jetpack_publicize_message":"","jetpack_publicize_feature_enabled":true,"jetpack_social_post_already_shared":true,"jetpack_social_options":{"image_generator_settings":{"template":"highway","default_image_id":0,"font":"","enabled":false},"version":2},"_wpas_customize_per_network":false},"product_brand":[],"product_cat":[1372350],"product_tag":[1372408,1372406,1372407,1372391],"class_list":{"0":"post-921","1":"product","2":"type-product","3":"status-publish","4":"has-post-thumbnail","6":"product_cat-beanies-mossor-buffs","7":"product_tag-batliv","8":"product_tag-seglare","9":"product_tag-skargardsliv","10":"product_tag-swedish-lighthouse","11":"product_shipping_class-sv-a","13":"first","14":"instock","15":"taxable","16":"shipping-taxable","17":"purchasable","18":"product-type-variable"},"exclude_global_add_ons":[],"addons":[],"jetpack_publicize_connections":[],"jetpack_likes_enabled":true,"jetpack_sharing_enabled":true,"_links":{"self":[{"href":"https:\/\/sveilisdesign.com\/index.php?rest_route=\/wp\/v2\/product\/921","targetHints":{"allow":["GET"]}}],"collection":[{"href":"https:\/\/sveilisdesign.com\/index.php?rest_route=\/wp\/v2\/product"}],"about":[{"href":"https:\/\/sveilisdesign.com\/index.php?rest_route=\/wp\/v2\/types\/product"}],"wp:featuredmedia":[{"embeddable":true,"href":"https:\/\/sveilisdesign.com\/index.php?rest_route=\/wp\/v2\/media\/906"}],"wp:attachment":[{"href":"https:\/\/sveilisdesign.com\/index.php?rest_route=%2Fwp%2Fv2%2Fmedia&parent=921"}],"wp:term":[{"taxonomy":"product_brand","embeddable":true,"href":"https:\/\/sveilisdesign.com\/index.php?rest_route=%2Fwp%2Fv2%2Fproduct_brand&post=921"},{"taxonomy":"product_cat","embeddable":true,"href":"https:\/\/sveilisdesign.com\/index.php?rest_route=%2Fwp%2Fv2%2Fproduct_cat&post=921"},{"taxonomy":"product_tag","embeddable":true,"href":"https:\/\/sveilisdesign.com\/index.php?rest_route=%2Fwp%2Fv2%2Fproduct_tag&post=921"}],"curies":[{"name":"wp","href":"https:\/\/api.w.org\/{rel}","templated":true}]}}