{"id":411,"date":"2022-02-09T17:53:33","date_gmt":"2022-02-09T16:53:33","guid":{"rendered":"https:\/\/sveilisdesign.com\/?post_type=product&#038;p=411"},"modified":"2022-02-21T17:17:19","modified_gmt":"2022-02-21T16:17:19","slug":"anchor-wine-cork-flaskkork-med-ankare","status":"publish","type":"product","link":"https:\/\/sveilisdesign.com\/?product=anchor-wine-cork-flaskkork-med-ankare","title":{"rendered":"Anchor wine cork \/ Flaskkork med ankare"},"content":{"rendered":"<p>100 % livsmedelsklassad silikon. Fri fr\u00e5n ftalater och bisfenol A (BPA-free)<br \/>\n-50\u00b0C till +230\u00b0C<br \/>\nT\u00e5l frys, ugn och mikrov\u00e5gsugn<br \/>\nG\u00e5r att diska i maskin<br \/>\nF\u00e4rg: bl\u00e5 eller svart<br \/>\nL\u00e4ngd: ca 8 cm<\/p>\n<div><\/div>\n<div>\n<p><span lang=\"EN-US\">100% food grade silicone. Free from phthalates and bisphenol A (BPA-free).\u00a0<\/span>-50\u00b0C to +230\u00b0C. Freezer, oven and maicrowave safe. Dishwasher safe. Color: Blue or black. Length: about 8cm<\/p>\n<\/div>\n","protected":false},"excerpt":{"rendered":"<p>\u00c5terf\u00f6rslutningsbar vinkork, i silikon, med motiv av ett ankare p\u00e5 toppen. Ett roligt vintillbeh\u00f6r som f\u00f6rl\u00e4nger h\u00e5llbarheten p\u00e5 vinet. Korken \u00e4r l\u00e4tt att s\u00e4tta p\u00e5 och ta av och dess koniska form g\u00f6r att den passar b\u00e5de sm\u00e5 och stora flaskor. Den perfekta presenten f\u00f6r den som beh\u00f6ver lite guidning i sin tillvaro!<\/p>\n<p>Resealable wine cork, in silicone, with a motif of an anchor on top. A fun wine accessory that extends the shelf life of the wine. The cork is easy to put on and take off and its conical shape makes it suitable for both small and large bottles. The perfect gift for those who need a little guidance in their lives!<\/p>\n","protected":false},"featured_media":402,"template":"","meta":{"_crdt_document":"","advanced_seo_description":"","jetpack_seo_html_title":"","jetpack_seo_noindex":false,"jetpack_publicize_message":"","jetpack_publicize_feature_enabled":true,"jetpack_social_post_already_shared":true,"jetpack_social_options":{"image_generator_settings":{"template":"highway","default_image_id":0,"font":"","enabled":false},"version":2},"_wpas_customize_per_network":false},"product_brand":[],"product_cat":[1372511],"product_tag":[1372415,1372408,1372446,1372407,1372469],"class_list":{"0":"post-411","1":"product","2":"type-product","3":"status-publish","4":"has-post-thumbnail","6":"product_cat-kitchen-dining","7":"product_tag-ankare","8":"product_tag-batliv","9":"product_tag-silikon","10":"product_tag-skargardsliv","11":"product_tag-vin","13":"first","14":"instock","15":"taxable","16":"shipping-taxable","17":"purchasable","18":"product-type-variable"},"exclude_global_add_ons":[],"addons":[],"jetpack_publicize_connections":[],"jetpack_likes_enabled":true,"jetpack_sharing_enabled":true,"_links":{"self":[{"href":"https:\/\/sveilisdesign.com\/index.php?rest_route=\/wp\/v2\/product\/411","targetHints":{"allow":["GET"]}}],"collection":[{"href":"https:\/\/sveilisdesign.com\/index.php?rest_route=\/wp\/v2\/product"}],"about":[{"href":"https:\/\/sveilisdesign.com\/index.php?rest_route=\/wp\/v2\/types\/product"}],"wp:featuredmedia":[{"embeddable":true,"href":"https:\/\/sveilisdesign.com\/index.php?rest_route=\/wp\/v2\/media\/402"}],"wp:attachment":[{"href":"https:\/\/sveilisdesign.com\/index.php?rest_route=%2Fwp%2Fv2%2Fmedia&parent=411"}],"wp:term":[{"taxonomy":"product_brand","embeddable":true,"href":"https:\/\/sveilisdesign.com\/index.php?rest_route=%2Fwp%2Fv2%2Fproduct_brand&post=411"},{"taxonomy":"product_cat","embeddable":true,"href":"https:\/\/sveilisdesign.com\/index.php?rest_route=%2Fwp%2Fv2%2Fproduct_cat&post=411"},{"taxonomy":"product_tag","embeddable":true,"href":"https:\/\/sveilisdesign.com\/index.php?rest_route=%2Fwp%2Fv2%2Fproduct_tag&post=411"}],"curies":[{"name":"wp","href":"https:\/\/api.w.org\/{rel}","templated":true}]}}