{"id":386,"date":"2022-02-09T16:11:25","date_gmt":"2022-02-09T15:11:25","guid":{"rendered":"https:\/\/sveilisdesign.com\/?post_type=product&#038;p=386"},"modified":"2024-12-02T21:58:37","modified_gmt":"2024-12-02T20:58:37","slug":"compass-rose-coaster-set-6pc-kompassros-glasunderlagg-set-6st","status":"publish","type":"product","link":"https:\/\/sveilisdesign.com\/?product=compass-rose-coaster-set-6pc-kompassros-glasunderlagg-set-6st","title":{"rendered":"Compass rose coaster set 6pc \/ Kompassros glasunderl\u00e4gg set 6st"},"content":{"rendered":"<div>\n<div>\u00a0100 % livsmedelsklassad silikon. Fri fr\u00e5n ftalater och bisfenol A (BPA-free)<\/div>\n<div>\n<div>\n<p>-50\u00b0C till +230\u00b0C<br \/>\nT\u00e5l frys, ugn och mikrov\u00e5gsugn<br \/>\nG\u00e5r att diska i maskin<br \/>\nF\u00e4rg: marinbl\u00e5 med dubbelsidigt r\u00f6tt och vitt v\u00e4rmet\u00e5ligt tryck<br \/>\nStorlek: 9 cm i diameter. \u00a0F\u00f6rpackning: 6 stycken<\/p>\n<\/div>\n<\/div>\n<\/div>\n<p>100% food grade silicone. Free from phthalates and bisphenol A (BPA-free)<br \/>\n-50 \u00b0 C to + 230 \u00b0 C<br \/>\nFreezer, oven and microwave safe.<br \/>\nDishwasher safe.<br \/>\nColor: navy blue with double-sided red and white heat-resistant print<br \/>\nSize: 9 cm in diameter. 6ps per pack.<\/p>\n","protected":false},"excerpt":{"rendered":"<h4>Vart \u00e4r du p\u00e5 v\u00e4g?<\/h4>\n<p>En klassisk kompassros kan hj\u00e4lpa dig att h\u00e5lla kursen och fokus i nutiden. Stilrena och mycket uppskattade glasunderl\u00e4gg. P\u00e5 ena sidan en helvit kompassros och p\u00e5 andra sidan en r\u00f6d och vit. Perfekt f\u00f6r b\u00e5tlivet d\u00e4r det ofta \u00e4r bl\u00e5sigt och gungar till lite d\u00e5 och d\u00e5. Underl\u00e4ggen har en inbyggd antihalkfunktion vilket g\u00f6r att glaset och kaffekoppen st\u00e5r still trots att gungar. Det vakuum som bildas g\u00f6r att underl\u00e4gget inte heller bl\u00e5ser bort n\u00e4r man lyfter p\u00e5 glaset\/koppen. Det \u00e4r 6st underl\u00e4gg i en f\u00f6rpackning. Alla med likadant dubbelsidigt tryck.<\/p>\n<p>Den perfekta presenten f\u00f6r den som beh\u00f6ver lite guidning i sin tillvaro!\u00a0Matcha g\u00e4rna med glasunderl\u00e4gg och\/eller en rolig vinkork med samma motiv.<\/p>\n<h4>Where are you going?<\/h4>\n<p>A classic compass rose can help you stay on course. Stylish and much appreciated glass coasters. On one side a white compass rose and on the other side a red and white. Perfect for boating where it is often windy and wavy. The coasters have a built-in anti-slip function, which means that the glass or cup stand still despite rocking movement. The vacuum that is created means that the coaster does not blow away when you raise your glass. A set consist of 6. All with the same double-sided print.<\/p>\n<p>&nbsp;<\/p>\n","protected":false},"featured_media":387,"template":"","meta":{"_crdt_document":"","advanced_seo_description":"","jetpack_seo_html_title":"","jetpack_seo_noindex":false,"jetpack_publicize_message":"","jetpack_publicize_feature_enabled":true,"jetpack_social_post_already_shared":true,"jetpack_social_options":{"image_generator_settings":{"template":"highway","default_image_id":0,"font":"","enabled":false},"version":2},"_wpas_customize_per_network":false},"product_brand":[],"product_cat":[1372444,1372511],"product_tag":[1372408,1372445,1372406,1372446,1372407,1372447],"class_list":{"0":"post-386","1":"product","2":"type-product","3":"status-publish","4":"has-post-thumbnail","6":"product_cat-coasters-and-trivets","7":"product_cat-kitchen-dining","8":"product_tag-batliv","9":"product_tag-kompassros","10":"product_tag-seglare","11":"product_tag-silikon","12":"product_tag-skargardsliv","13":"product_tag-utekok","14":"product_shipping_class-sv-b","16":"first","17":"instock","18":"taxable","19":"shipping-taxable","20":"purchasable","21":"product-type-simple"},"exclude_global_add_ons":[],"addons":[],"jetpack_publicize_connections":[],"jetpack_likes_enabled":true,"jetpack_sharing_enabled":true,"_links":{"self":[{"href":"https:\/\/sveilisdesign.com\/index.php?rest_route=\/wp\/v2\/product\/386","targetHints":{"allow":["GET"]}}],"collection":[{"href":"https:\/\/sveilisdesign.com\/index.php?rest_route=\/wp\/v2\/product"}],"about":[{"href":"https:\/\/sveilisdesign.com\/index.php?rest_route=\/wp\/v2\/types\/product"}],"wp:featuredmedia":[{"embeddable":true,"href":"https:\/\/sveilisdesign.com\/index.php?rest_route=\/wp\/v2\/media\/387"}],"wp:attachment":[{"href":"https:\/\/sveilisdesign.com\/index.php?rest_route=%2Fwp%2Fv2%2Fmedia&parent=386"}],"wp:term":[{"taxonomy":"product_brand","embeddable":true,"href":"https:\/\/sveilisdesign.com\/index.php?rest_route=%2Fwp%2Fv2%2Fproduct_brand&post=386"},{"taxonomy":"product_cat","embeddable":true,"href":"https:\/\/sveilisdesign.com\/index.php?rest_route=%2Fwp%2Fv2%2Fproduct_cat&post=386"},{"taxonomy":"product_tag","embeddable":true,"href":"https:\/\/sveilisdesign.com\/index.php?rest_route=%2Fwp%2Fv2%2Fproduct_tag&post=386"}],"curies":[{"name":"wp","href":"https:\/\/api.w.org\/{rel}","templated":true}]}}