{"id":3487,"date":"2022-03-07T18:30:26","date_gmt":"2022-03-07T17:30:26","guid":{"rendered":"https:\/\/sveilisdesign.com\/?post_type=product&#038;p=3487"},"modified":"2025-01-03T00:04:00","modified_gmt":"2025-01-02T23:04:00","slug":"strykjarnet-tavla-silhouette-art","status":"publish","type":"product","link":"https:\/\/sveilisdesign.com\/?product=strykjarnet-tavla-silhouette-art","title":{"rendered":"Strykj\u00e4rnet tavla \/ Silhouette Art"},"content":{"rendered":"<p>22x32cm, vikt 230-250g<\/p>\n","protected":false},"excerpt":{"rendered":"<p>V\u00e4gg- eller f\u00f6nster-dekoration i laserskuren pulverlackad metall. Motiv fr\u00e5n Norrk\u00f6ping: Arbetets museum i byggnaden Strykj\u00e4rnet.<\/p>\n<p>Wall or window decoration in laser cut powder coated metall. Motif from Norrk\u00f6ping: museum of work \/ the\u00a0building Strykj\u00e4rnet (The Flat Iron).<\/p>\n<p>&nbsp;<\/p>\n","protected":false},"featured_media":3488,"template":"","meta":{"_crdt_document":"","advanced_seo_description":"","jetpack_seo_html_title":"","jetpack_seo_noindex":false,"jetpack_publicize_message":"","jetpack_publicize_feature_enabled":true,"jetpack_social_post_already_shared":true,"jetpack_social_options":{"image_generator_settings":{"template":"highway","default_image_id":0,"font":"","enabled":false},"version":2},"_wpas_customize_per_network":false},"product_brand":[],"product_cat":[1372494],"product_tag":[1372555,1372718],"class_list":{"0":"post-3487","1":"product","2":"type-product","3":"status-publish","4":"has-post-thumbnail","6":"product_cat-ornament-och-tavlor","7":"product_tag-ostergotland","8":"product_tag-norrkoping","9":"product_shipping_class-sv-a","11":"first","12":"instock","13":"taxable","14":"shipping-taxable","15":"purchasable","16":"product-type-simple"},"exclude_global_add_ons":[],"addons":[],"jetpack_publicize_connections":[],"jetpack_likes_enabled":true,"jetpack_sharing_enabled":true,"_links":{"self":[{"href":"https:\/\/sveilisdesign.com\/index.php?rest_route=\/wp\/v2\/product\/3487","targetHints":{"allow":["GET"]}}],"collection":[{"href":"https:\/\/sveilisdesign.com\/index.php?rest_route=\/wp\/v2\/product"}],"about":[{"href":"https:\/\/sveilisdesign.com\/index.php?rest_route=\/wp\/v2\/types\/product"}],"wp:featuredmedia":[{"embeddable":true,"href":"https:\/\/sveilisdesign.com\/index.php?rest_route=\/wp\/v2\/media\/3488"}],"wp:attachment":[{"href":"https:\/\/sveilisdesign.com\/index.php?rest_route=%2Fwp%2Fv2%2Fmedia&parent=3487"}],"wp:term":[{"taxonomy":"product_brand","embeddable":true,"href":"https:\/\/sveilisdesign.com\/index.php?rest_route=%2Fwp%2Fv2%2Fproduct_brand&post=3487"},{"taxonomy":"product_cat","embeddable":true,"href":"https:\/\/sveilisdesign.com\/index.php?rest_route=%2Fwp%2Fv2%2Fproduct_cat&post=3487"},{"taxonomy":"product_tag","embeddable":true,"href":"https:\/\/sveilisdesign.com\/index.php?rest_route=%2Fwp%2Fv2%2Fproduct_tag&post=3487"}],"curies":[{"name":"wp","href":"https:\/\/api.w.org\/{rel}","templated":true}]}}