{"id":3288,"date":"2022-03-03T23:23:14","date_gmt":"2022-03-03T22:23:14","guid":{"rendered":"https:\/\/sveilisdesign.com\/?post_type=product&#038;p=3288"},"modified":"2023-08-07T16:49:19","modified_gmt":"2023-08-07T14:49:19","slug":"4-st-gasttvalar-skargard-persika","status":"publish","type":"product","link":"https:\/\/sveilisdesign.com\/?product=4-st-gasttvalar-skargard-persika","title":{"rendered":"4 st g\u00e4sttv\u00e5lar: sk\u00e4rg\u00e5rd \/ persika"},"content":{"rendered":"<p>Size individual cardboard package: 4x6x1.5cm, each soap 25g<br \/>\nProduced by Sk\u00f6na Ting in Sweden.<\/p>\n","protected":false},"excerpt":{"rendered":"<p>Fyra svensktillverkade g\u00e4sttv\u00e5lar gjorda med eteriska oljor av h\u00f6gsta kvalit\u00e9. F\u00f6rpackningarna \u00e4r dekorerade med fyra vackra sk\u00e4rg\u00e5rdsbilder: fiskm\u00e5s, sn\u00e4ckor, bl\u00e5mussla och abborre. Ljuvligt frisk doft av persika.<\/p>\n<p>Four Swedish-made guest soaps made with essential oils of the highest quality. The packaging is decorated with four beautiful archipelago images: Seagull, shells, mussels and perch. Lovely fresh scent of peach.<\/p>\n","protected":false},"featured_media":3289,"template":"","meta":{"_crdt_document":"","advanced_seo_description":"","jetpack_seo_html_title":"","jetpack_seo_noindex":false,"jetpack_publicize_message":"","jetpack_publicize_feature_enabled":true,"jetpack_social_post_already_shared":true,"jetpack_social_options":{"image_generator_settings":{"template":"highway","default_image_id":0,"font":"","enabled":false},"version":2},"_wpas_customize_per_network":false},"product_brand":[],"product_cat":[1372521],"product_tag":[],"class_list":{"0":"post-3288","1":"product","2":"type-product","3":"status-publish","4":"has-post-thumbnail","6":"product_cat-soap-hygiene","8":"first","9":"outofstock","10":"taxable","11":"shipping-taxable","12":"purchasable","13":"product-type-simple"},"exclude_global_add_ons":[],"addons":[],"jetpack_publicize_connections":[],"jetpack_likes_enabled":true,"jetpack_sharing_enabled":true,"_links":{"self":[{"href":"https:\/\/sveilisdesign.com\/index.php?rest_route=\/wp\/v2\/product\/3288","targetHints":{"allow":["GET"]}}],"collection":[{"href":"https:\/\/sveilisdesign.com\/index.php?rest_route=\/wp\/v2\/product"}],"about":[{"href":"https:\/\/sveilisdesign.com\/index.php?rest_route=\/wp\/v2\/types\/product"}],"wp:featuredmedia":[{"embeddable":true,"href":"https:\/\/sveilisdesign.com\/index.php?rest_route=\/wp\/v2\/media\/3289"}],"wp:attachment":[{"href":"https:\/\/sveilisdesign.com\/index.php?rest_route=%2Fwp%2Fv2%2Fmedia&parent=3288"}],"wp:term":[{"taxonomy":"product_brand","embeddable":true,"href":"https:\/\/sveilisdesign.com\/index.php?rest_route=%2Fwp%2Fv2%2Fproduct_brand&post=3288"},{"taxonomy":"product_cat","embeddable":true,"href":"https:\/\/sveilisdesign.com\/index.php?rest_route=%2Fwp%2Fv2%2Fproduct_cat&post=3288"},{"taxonomy":"product_tag","embeddable":true,"href":"https:\/\/sveilisdesign.com\/index.php?rest_route=%2Fwp%2Fv2%2Fproduct_tag&post=3288"}],"curies":[{"name":"wp","href":"https:\/\/api.w.org\/{rel}","templated":true}]}}