{"id":2646,"date":"2022-02-27T15:44:33","date_gmt":"2022-02-27T14:44:33","guid":{"rendered":"https:\/\/sveilisdesign.com\/?post_type=product&#038;p=2646"},"modified":"2025-01-02T21:57:04","modified_gmt":"2025-01-02T20:57:04","slug":"orskar-fyr-lighthouse-2","status":"publish","type":"product","link":"https:\/\/sveilisdesign.com\/?product=orskar-fyr-lighthouse-2","title":{"rendered":"Svenska H\u00f6garna fyr \/ lighthouse"},"content":{"rendered":"<p>V\u00e5ra fyrar \u00e4r ca 33 cm h\u00f6ga dekorativa ljush\u00e5llare, i frist\u00e5ende eller v\u00e4ggmonterad variant med v\u00e4rmeljuskoppen placerad uppe i fyrtornet. De v\u00e4ggmonterade modellerna har kromf\u00e4rgad reflektor\/v\u00e4rmeskydd. V\u00e4ggmodellens konstruktion erbjuder f\u00f6rvaringsm\u00f6jlighet via bottenplattans hyllfunktion.<\/p>\n<p><span lang=\"EN-US\">Our lighthouses are about 33 cm high and decorative candle holders,\u00a0<\/span><span lang=\"EN-US\">and comes in a free-standing or a wall-mounted model, with a cup for a tea light placed in the top of the lighthouse. The wall-mounted models have a chrome-colored reflector \/ heat protection. This variant\u00b4s construction offers storage via the base plate&#8217;s shelf function.<\/span><\/p>\n<p><span lang=\"EN-US\">Designed and manufactured by Kurt Sveilis, cut in metal and powder coated for a durable surface, in our workshop in Norrk\u00f6ping, Sweden.\u00a0<\/span>Individually packed in a self-locking cardboard box.<\/p>\n<p>Free standing model: Base: 127x185mm, height 33cm, weight 1kg<br \/>\nWall mounted model: Base: 60-120mmx60mm, height 31cm, weight 600g<\/p>\n","protected":false},"excerpt":{"rendered":"<p>Fyren en symbol f\u00f6r: s\u00e4kerhet, v\u00e4gledning, kunskapsspridning, hopp, ensamhet, styrka, ledarskap, beslutsfattande, och m\u00e4nniskans kamp mot naturen.<\/p>\n<p>Svenska H\u00f6garna, N 59 27, O 19 30,\u00a0Fyrplats p\u00e5 Stor\u00f6n, ytterst i Stockholms sk\u00e4rg\u00e5rds \u00f6stra havsband, \u00c5lands hav. \u00a0Fyrtornet av j\u00e4rn en s.k. <em>Heidenstammare\u00a0<\/em>\u00e4r cirka 18,5 m h\u00f6gt. Fyrtornet tillverkades p\u00e5 Ludvigsbergs Verkstad i Stockholm. Ritat av G E H\u00f6jer. \u00a0Fr\u00e5n 1985 har Sk\u00e4rg\u00e5rdsstiftelsen f\u00f6rvaltningsansvar och Edward Sj\u00f6bloms Stiftelsen \u00e4ger sedan 1994 fyren. Till\u00e4ggning p\u00e5 Svenska H\u00f6garna endast vid gott v\u00e4der.<\/p>\n","protected":false},"featured_media":2653,"template":"","meta":{"_crdt_document":"","advanced_seo_description":"","jetpack_seo_html_title":"","jetpack_seo_noindex":false,"jetpack_publicize_message":"","jetpack_publicize_feature_enabled":true,"jetpack_social_post_already_shared":true,"jetpack_social_options":{"image_generator_settings":{"template":"highway","default_image_id":0,"font":"","enabled":false},"version":2},"_wpas_customize_per_network":false},"product_brand":[],"product_cat":[1372500,1372514],"product_tag":[1372408,1372402,1372635,1372407,1372560],"class_list":{"0":"post-2646","1":"product","2":"type-product","3":"status-publish","4":"has-post-thumbnail","6":"product_cat-ostkusten","7":"product_cat-lighthouses-home-decore-heminredning","8":"product_tag-batliv","9":"product_tag-fyr","10":"product_tag-heidenstammare","11":"product_tag-skargardsliv","12":"product_tag-uppland","13":"product_shipping_class-c","15":"first","16":"instock","17":"taxable","18":"shipping-taxable","19":"purchasable","20":"product-type-variable"},"exclude_global_add_ons":[],"addons":[],"jetpack_publicize_connections":[],"jetpack_likes_enabled":true,"jetpack_sharing_enabled":true,"_links":{"self":[{"href":"https:\/\/sveilisdesign.com\/index.php?rest_route=\/wp\/v2\/product\/2646","targetHints":{"allow":["GET"]}}],"collection":[{"href":"https:\/\/sveilisdesign.com\/index.php?rest_route=\/wp\/v2\/product"}],"about":[{"href":"https:\/\/sveilisdesign.com\/index.php?rest_route=\/wp\/v2\/types\/product"}],"wp:featuredmedia":[{"embeddable":true,"href":"https:\/\/sveilisdesign.com\/index.php?rest_route=\/wp\/v2\/media\/2653"}],"wp:attachment":[{"href":"https:\/\/sveilisdesign.com\/index.php?rest_route=%2Fwp%2Fv2%2Fmedia&parent=2646"}],"wp:term":[{"taxonomy":"product_brand","embeddable":true,"href":"https:\/\/sveilisdesign.com\/index.php?rest_route=%2Fwp%2Fv2%2Fproduct_brand&post=2646"},{"taxonomy":"product_cat","embeddable":true,"href":"https:\/\/sveilisdesign.com\/index.php?rest_route=%2Fwp%2Fv2%2Fproduct_cat&post=2646"},{"taxonomy":"product_tag","embeddable":true,"href":"https:\/\/sveilisdesign.com\/index.php?rest_route=%2Fwp%2Fv2%2Fproduct_tag&post=2646"}],"curies":[{"name":"wp","href":"https:\/\/api.w.org\/{rel}","templated":true}]}}