{"id":2107,"date":"2022-02-23T00:31:45","date_gmt":"2022-02-22T23:31:45","guid":{"rendered":"https:\/\/sveilisdesign.com\/?post_type=product&#038;p=2107"},"modified":"2024-12-02T22:05:02","modified_gmt":"2024-12-02T21:05:02","slug":"scarf-with-anchors","status":"publish","type":"product","link":"https:\/\/sveilisdesign.com\/?product=scarf-with-anchors","title":{"rendered":"Scarf with anchors, 3 col."},"content":{"rendered":"<p>Bomullspoplin (100% CO 115g\/m2)<br \/>\n47x180cm<\/p>\n","protected":false},"excerpt":{"rendered":"<p>En h\u00e4rligt mjuk och sk\u00f6n scarf, i tunn bomullspoplin, som r\u00e4cker ett par varv runt halsen eller som kan frapperas snyggt \u00f6ver axlarna. Perfekt att ha till sommarjackan eller f\u00f6r att piffa upp en enkel outfit.<\/p>\n","protected":false},"featured_media":2111,"template":"","meta":{"_crdt_document":"","advanced_seo_description":"","jetpack_seo_html_title":"","jetpack_seo_noindex":false,"jetpack_publicize_message":"","jetpack_publicize_feature_enabled":true,"jetpack_social_post_already_shared":true,"jetpack_social_options":{"image_generator_settings":{"template":"highway","default_image_id":0,"font":"","enabled":false},"version":2},"_wpas_customize_per_network":false},"product_brand":[],"product_cat":[1372353],"product_tag":[],"class_list":{"0":"post-2107","1":"product","2":"type-product","3":"status-publish","4":"has-post-thumbnail","6":"product_cat-scarves-halsdukar","7":"product_shipping_class-sv-a","9":"first","10":"instock","11":"taxable","12":"shipping-taxable","13":"purchasable","14":"product-type-variable"},"exclude_global_add_ons":[],"addons":[],"jetpack_publicize_connections":[],"jetpack_likes_enabled":true,"jetpack_sharing_enabled":true,"_links":{"self":[{"href":"https:\/\/sveilisdesign.com\/index.php?rest_route=\/wp\/v2\/product\/2107","targetHints":{"allow":["GET"]}}],"collection":[{"href":"https:\/\/sveilisdesign.com\/index.php?rest_route=\/wp\/v2\/product"}],"about":[{"href":"https:\/\/sveilisdesign.com\/index.php?rest_route=\/wp\/v2\/types\/product"}],"wp:featuredmedia":[{"embeddable":true,"href":"https:\/\/sveilisdesign.com\/index.php?rest_route=\/wp\/v2\/media\/2111"}],"wp:attachment":[{"href":"https:\/\/sveilisdesign.com\/index.php?rest_route=%2Fwp%2Fv2%2Fmedia&parent=2107"}],"wp:term":[{"taxonomy":"product_brand","embeddable":true,"href":"https:\/\/sveilisdesign.com\/index.php?rest_route=%2Fwp%2Fv2%2Fproduct_brand&post=2107"},{"taxonomy":"product_cat","embeddable":true,"href":"https:\/\/sveilisdesign.com\/index.php?rest_route=%2Fwp%2Fv2%2Fproduct_cat&post=2107"},{"taxonomy":"product_tag","embeddable":true,"href":"https:\/\/sveilisdesign.com\/index.php?rest_route=%2Fwp%2Fv2%2Fproduct_tag&post=2107"}],"curies":[{"name":"wp","href":"https:\/\/api.w.org\/{rel}","templated":true}]}}