{"id":169,"date":"2022-02-08T13:55:13","date_gmt":"2022-02-08T12:55:13","guid":{"rendered":"https:\/\/sveilisdesign.com\/?post_type=product&#038;p=169"},"modified":"2024-12-02T22:28:38","modified_gmt":"2024-12-02T21:28:38","slug":"gobelin-pillow-case-kuddfodral","status":"publish","type":"product","link":"https:\/\/sveilisdesign.com\/?product=gobelin-pillow-case-kuddfodral","title":{"rendered":"Gobelin: Pillow case \/ Kuddfodral"},"content":{"rendered":"<p>58% CO \u00a032% PES 10% PAN, 425 gr\/m2<br \/>\nMartindale: 5000<br \/>\nEuropean manufactured fabric<br \/>\nPillow case made by Kajsa Sveilis, Norrk\u00f6ping, Sweden.<br \/>\n<a href=\"https:\/\/www.bbfabrics.com\/files\/certificate-bb-fabrics-en.pdf\">Oeko-tex Standard 100 Product class II<\/a><\/p>\n","protected":false},"excerpt":{"rendered":"<p>Pillow cases in lovely, luxurious Gobelin material. Zipper closing in the side seam. The dimensions indicate the size of the pillow. the case is slightly smaller to ensure that they are fully filled. Washing machine safe.<\/p>\n<p>Kuddfodral i h\u00e4rligt, lyxig Gobelin. Dragkedjef\u00f6rsedd \u00f6ppning i sids\u00f6mmen. M\u00e5tten anger kuddens storlek. Fodralen \u00e4r n\u00e5got mindre f\u00f6r att s\u00e4kerst\u00e4lla att de fylls fullt ut. T\u00e5l maskintv\u00e4tt.<\/p>\n","protected":false},"featured_media":3309,"template":"","meta":{"_crdt_document":"","advanced_seo_description":"","jetpack_seo_html_title":"","jetpack_seo_noindex":false,"jetpack_publicize_message":"","jetpack_publicize_feature_enabled":true,"jetpack_social_post_already_shared":true,"jetpack_social_options":{"image_generator_settings":{"template":"highway","default_image_id":0,"font":"","enabled":false},"version":2},"_wpas_customize_per_network":false},"product_brand":[],"product_cat":[1372381],"product_tag":[1372408,1372401,1372406,1372407,1372391],"class_list":{"0":"post-169","1":"product","2":"type-product","3":"status-publish","4":"has-post-thumbnail","6":"product_cat-pillow-kudde","7":"product_tag-batliv","8":"product_tag-fisk","9":"product_tag-seglare","10":"product_tag-skargardsliv","11":"product_tag-swedish-lighthouse","12":"product_shipping_class-sv-a","14":"first","15":"instock","16":"taxable","17":"shipping-taxable","18":"purchasable","19":"product-type-variable"},"exclude_global_add_ons":[],"addons":[],"jetpack_publicize_connections":[],"jetpack_likes_enabled":true,"jetpack_sharing_enabled":true,"_links":{"self":[{"href":"https:\/\/sveilisdesign.com\/index.php?rest_route=\/wp\/v2\/product\/169","targetHints":{"allow":["GET"]}}],"collection":[{"href":"https:\/\/sveilisdesign.com\/index.php?rest_route=\/wp\/v2\/product"}],"about":[{"href":"https:\/\/sveilisdesign.com\/index.php?rest_route=\/wp\/v2\/types\/product"}],"wp:featuredmedia":[{"embeddable":true,"href":"https:\/\/sveilisdesign.com\/index.php?rest_route=\/wp\/v2\/media\/3309"}],"wp:attachment":[{"href":"https:\/\/sveilisdesign.com\/index.php?rest_route=%2Fwp%2Fv2%2Fmedia&parent=169"}],"wp:term":[{"taxonomy":"product_brand","embeddable":true,"href":"https:\/\/sveilisdesign.com\/index.php?rest_route=%2Fwp%2Fv2%2Fproduct_brand&post=169"},{"taxonomy":"product_cat","embeddable":true,"href":"https:\/\/sveilisdesign.com\/index.php?rest_route=%2Fwp%2Fv2%2Fproduct_cat&post=169"},{"taxonomy":"product_tag","embeddable":true,"href":"https:\/\/sveilisdesign.com\/index.php?rest_route=%2Fwp%2Fv2%2Fproduct_tag&post=169"}],"curies":[{"name":"wp","href":"https:\/\/api.w.org\/{rel}","templated":true}]}}